he greatest common divisor of k and m?
19
Let m(r) = r**3 + 19*r**2 - 95*r + 18. Let s be m(-23). Calculate the highest common factor of 15 and s.
3
Suppose 249*i - 235*i - 672 = 0. Calculate the greatest common divisor of 208 and i.
16
Let o(d) = 30*d - 55. Let p be o(36). Calculate the highest common factor of 25 and p.
25
Suppose 0 = -4*n + 5*r + 100, -n + 0*r - r = -16. Suppose -5 = -5*x, -2*f + 2*x + 2*x + 276 = 0. Calculate the greatest common divisor of n and f.
20
Let q = 1845 - 1299. Calculate the greatest common divisor of 156 and q.
78
Let t be 3 + (3/(-6) + 0)*-64. Calculate the highest common factor of 35 and t.
35
Let s be (-6)/(-3) + 3/(3 - 0). What is the greatest common divisor of 5 and s?
1
Let n(v) = v**3 + 10*v**2 - 5*v - 15. Let y be n(-10). What is the highest common factor of 20 and y?
5
Suppose i = 3 + 1. Let w = 17 + -17. Suppose w = i*q - 5*q + 84. Calculate the greatest common factor of 12 and q.
12
Suppose -k - 48 + 188 = -2*r, 560 = 4*k + 4*r. Suppose b = -4*b + 280. Calculate the greatest common factor of k and b.
28
Let z(r) be the third derivative of r**5/60 - r**4/24 + r**3/2 + 6*r**2. Let l be z(6). What is the greatest common factor of 22 and l?
11
Let x be ((-57)/15)/(7/(-35)). What is the greatest common factor of x and 304?
19
Suppose -4*x = -2*c + 308, 3*x = 5 + 4. Suppose 0 = 4*j - 2*u - 72, -2*j - 5*u = -34 - 26. What is the greatest common factor of j and c?
20
Suppose -4*k + 8 = 0, -218 = -2*p + 2*k + 18. What is the highest common factor of p and 135?
15
Let p = 153 + -146. Let s be 7*((-2)/2 - -2). Calculate the highest common divisor of p and s.
7
Suppose 0 = -5*k - 5*z + 196 + 179, -3*z + 297 = 4*k. Suppose 73*x - k*x - 16 = 0. Let o = 5 - -59. Calculate the greatest common factor of x and o.
16
Suppose 2*s - 400 = 528. Suppose -7*r + s = -201. Calculate the highest common factor of 57 and r.
19
Let g(b) = 2*b**2 + 40*b + 6. Let o be g(-20). Suppose -o*x = 5*x - 308. What is the highest common factor of x and 56?
28
Suppose -3*m - 2*h + 53 = 2*h, 0 = 3*m + h - 56. Suppose r - m + 3 = 0. Suppose -5*s = -10 - 30. What is the highest common divisor of s and r?
8
Let g = -6 + 45. Let r = g - 37. Calculate the highest common factor of 16 and r.
2
Suppose -42*m + 20007 = -3*m. What is the highest common factor of 36 and m?
9
Let w = 23 + -34. Let m = -1 - w. Calculate the greatest common factor of 4 and m.
2
Let c be 2 - (0 - (-9)/3). Let k be (-4)/3*(c - 104). What is the highest common divisor of k and 28?
28
Suppose 3*w = 2*u + 7 - 20, -5*w + 2*u - 23 = 0. Let h be (-147)/w + 2/(-5). What is the highest common factor of 116 and h?
29
Let n(r) = r**2 - 2*r + 4. Let a be n(2). Suppose -a*j - 36 = -5*j. Suppose 0 = 5*h - 4 - j. Calculate the highest common factor of h and 16.
8
Let r be 4/16*9*-24. Let b = 38 + r. Let d = b + 24. What is the greatest common divisor of d and 2?
2
Let k(p) = -89*p + 12. Let t be k(-6). Calculate the highest common factor of 42 and t.
42
Let w be (-1 - 0)*(-13 - -1). Suppose -1125 = -5*g - 2*b + 245, -5*g + 2*b + 1390 = 0. Calculate the highest common factor of g and w.
12
Let c = -1 - 4. Let i = c + 27. Suppose -m + 5*t - 13 = 0, 0 = -m + 3*m - 4*t + 8. What is the highest common divisor of m and i?
2
Suppose -2*k - 2*o + 22 = 0, 4*k + 5*o + 8 = 53. Suppose 0 = 2*q - 26 - k. Calculate the greatest common factor of q and 6.
6
Let l be (-2)/(-2) + 0/19. Suppose -11 = -g - 2*x, 2 + l = -2*g + x. Calculate the greatest common divisor of g and 3.
1
Let m = 174 + -247. Let n = m - -262. Calculate the highest common divisor of 21 and n.
21
Let d be 175/((-4)/24 - 38/(-57)). Let o(k) = 13*k**2 + 2*k + 2. Let s be o(-2). Calculate the highest common divisor of d and s.
50
Suppose 26 = 2*w + 8. Let r be ((-204)/w)/(8/(-12)). What is the highest common divisor of r and 17?
17
Let l = -318 + 399. What is the highest common divisor of l and 6?
3
Suppose -5*t = 2*q - 73 + 27, 0 = -2*q + 3*t + 62. Calculate the highest common factor of 308 and q.
28
Let l(q) = q + 7. Let w be l(-8). Let c = -2 - w. Let y be (3 - (0 - -25))/c. What is the highest common divisor of y and 11?
11
Let m(w) = -67*w + 88. Let b be m(-8). What is the highest common divisor of 48 and b?
48
Let y be (2 - 3 - 15)*-1. Let w(i) be the second derivative of 113*i**5/20 - i**4/12 + 7*i. Let l be w(1). Calculate the greatest common divisor of l and y.
16
Let v be 200 + -2 - (-7 - 3). What is the greatest common divisor of 16 and v?
16
Suppose 0 = -4*d + 4*b + 344, 5*d + 2*b - 93 - 351 = 0. Let f = 25 - 14. What is the greatest common factor of d and f?
11
Let o be -135 - ((3 - 2) + -4). Let q = 252 + o. Calculate the greatest common divisor of q and 12.
12
Let q = -81 + 209. Suppose 2*r - r - 37 = -u, -4*r + u + q = 0. What is the highest common factor of r and 3?
3
Let z be 9/24 - 948/(-32). Suppose -z*o = -35*o + 130. Let u be 132 - (-2)/((-2)/2). Calculate the highest common divisor of o and u.
26
Let y(j) = -j**3 - 6*j**2 + 6*j + 4. Let x be y(-5). Let b = -36 - x. What is the highest common factor of b and 10?
5
Let l(r) = r**3 + 5*r**2 + 66*r + 352. Let a be l(-5). Suppose 0 = -3*u - 21 + 87. Calculate the highest common factor of u and a.
22
Suppose -111*y + 810 = -93*y. Let w be 10/(-15)*-3*18. Calculate the greatest common factor of y and w.
9
Let b(q) = 0 - q**2 + 4 + 2*q**2 - q. Let x(h) = h + 6. Let j be x(-6). Let f be b(j). Calculate the highest common divisor of f and 44.
4
Let j = -421 - -458. Calculate the greatest common divisor of 481 and j.
37
Let c(z) = z**3 - 6*z + 13. Let u be c(3). Suppose -82 = -2*g - 14. Let r = g + u. Calculate the greatest common divisor of 7 and r.
7
Let s = -12 - -10. Let k be ((-224)/(-20))/(s/(-35)). Suppose 3*w + 2*u - 144 = -2*u, 0 = -4*w - 4*u + k. Calculate the highest common factor of 13 and w.
13
Suppose 0*l + 165 = 3*l. Suppose 0 = -2*z + i - 80 + 185, -170 = -3*z - i. Calculate the greatest common divisor of z and l.
55
Let g(l) = l**3 + 26*l**2 + 19*l - 6. Let x be g(-25). Calculate the highest common factor of 96 and x.
48
Let w be 5 - 4 - 3 - -27. Suppose 0 = -5*o - 4*t + 159, 179 = 5*o - 3*t + 2*t. Let c = o - w. Calculate the highest common factor of 70 and c.
10
Let x = 125 + -74. Let n be 15*(x/15 - 3). Let d(v) = -v**3 + 26*v**2 - 26*v + 40. Let b be d(25). What is the greatest common factor of b and n?
3
Let f(q) = -q - 21. Let r be f(-27). What is the greatest common divisor of r and 54?
6
Let a(y) = -212*y**3 - 11*y**2 - 7*y + 2. Let o be a(-1). What is the greatest common divisor of 330 and o?
30
Let q(t) = -t**2 + 13*t - 12. Let r be q(11). Let h = -13 + 63. What is the highest common divisor of r and h?
10
Suppose -5*t = -4*x - 118, 3*x = t - 0*t - 17. Let w = 441 - 703. Let v = w - -470. What is the highest common factor of t and v?
26
Let k be ((-8)/18)/(6/(-27)). Suppose -k*j + n = 3*n - 30, 0 = 4*j - 4*n - 84. Let a = -12 + j. Calculate the highest common factor of a and 42.
6
Let w be 12/8*(9 + -3). Let o be (4/w)/(12/54). Suppose -5*n - o*l + 75 = -17, 3*n + l = 55. What is the greatest common divisor of n and 54?
18
Let h(w) = -6*w - 112. Let s be h(-22). Calculate the greatest common divisor of s and 68.
4
Let q = -1221 - -1250. What is the highest common divisor of 1073 and q?
29
Let j(u) = -u**3 + 6*u**2 + 4*u + 2. Let v be j(7). Let d = 66 - v. Let g = -620 + 654. Calculate the greatest common factor of d and g.
17
Let h be (21/(-14))/((-9)/(-120)). Let q be ((-108)/(-15))/((-6)/h). Calculate the highest common divisor of q and 8.
8
Let v(u) = u**3 + 6*u**2 - 9*u + 1. Let p be v(-7). Let t be 3 + (-5)/(p/(-21)). Calculate the greatest common factor of t and 70.
10
Let s(w) = -150*w - 2114. Let m be s(-15). Let v be 36/((-2)/(-1)) - 1. Calculate the highest common factor of v and m.
17
Let x(b) = -b**3 + b**2 + b + 3. Let r = -16 - -56. Let m be (2/5)/(8/r). Let y be x(m). What is the greatest common factor of y and 9?
1
Let c be (1517 + 1 + -3)/(153/102). What is the greatest common factor of 10 and c?
10
Let j = 45 + -42. Suppose j*m - 30 = -12. What is the greatest common factor of 12 and m?
6
Let s be -7 + (-6629)/(-63) + 2/(-9). What is the greatest common factor of 784 and s?
98
Let f(w) = 134*w**3 + 7*w**2 + 4*w - 4. Let o be f(